. Let u be d(-5). Let o(z) = 5*z - z**3 + 5 + 6*z**u + 3 - 3. Determine o(a).
-9
Let v(d) = -2*d**2 + 3*d + 4. Let o(q) = 8*q - 91. Let j(s) = 28*s - 275. Let t(n) = 3*j(n) - 8*o(n). Let z be t(5). Determine v(z).
-5
Let q(x) be the second derivative of -1/12*x**4 + 0 - 3*x**2 - 4/3*x**3 + 11*x. Let n(k) = 2*k**2 + 15*k + 11. Let u(d) = 3*n(d) + 5*q(d). Calculate u(-3).
-3
Let n(a) = -a**3 - 5*a**2 + 11. Let z(t) = -2*t - 72. Let c be z(-34). Calculate n(c).
-5
Let v be ((-40350)/20)/15*(-92)/2. Let t(b) = 3 + 6185*b - 3 - v*b. Suppose -5*l + 3 = -2*l. Calculate t(l).
-2
Let i(c) = -c**3 - 8*c**2 - 8*c - 9. Let s be i(-7). Let m be 0/(s/((-5)/(-5))). Let h(d) = d**3 - 13*d + m*d - 4*d**2 + 3 + 5*d. Calculate h(5).
-12
Suppose -4*w - 3*f = -47, -2*f + 12 = -w + 2*f. Let m(n) = w*n**3 + 642*n + 1 - 641*n - 3*n**2 + 2*n**2. Calculate m(-1).
-9
Let w(q) = -11*q - 1. Suppose -87*u - 88 = -1. Give w(u).
10
Let t(q) = q**3 - 5*q**2 - 7*q - 9. Let m be 14 + -3 + (-4)/(-3)*90/(-20). Determine t(m).
-44
Let g(a) = 3*a**2 - 2*a - 2. Let r(t) = 1 - 4 + t**2 + 0 + 0*t - 13 + 18*t. Let y(f) = g(f) - r(f). Calculate y(9).
-4
Suppose -3 = 7*b - 8*b. Let l(g) = 0 + 996*g**3 + g**2 + 0 - 995*g**b - 2 - g. Let o(m) = m**3 + m**2 + m. Let s be o(0). What is l(s)?
-2
Let o(i) = i**3 - 5*i**2 + 3*i - 5. Suppose 0 = 7*l - 11*l + 76. Let h(x) = 2*x - 34. Let v be h(l). Calculate o(v).
-9
Let q(c) = -c**2 - 536 - 489 + 1027 - c**3. Let w be 1 + (-3)/(-9)*3. Give q(w).
-10
Let z = 1234 + -1237. Let v(f) = -3*f**2 + 2*f + 7. Give v(z).
-26
Let t = -5 - -11. Let g(j) be the second derivative of 0 - 1/2*j**3 + 71*j + 5/2*j**2. Give g(t).
-13
Let l(q) = 37*q**3 - q**2 - 38*q - 35. Let n(h) = -13*h**3 + 13*h + 12. Let t = -310 - -293. Let u(v) = t*n(v) - 6*l(v). Determine u(7).
6
Let v(o) be the first derivative of -122 - 20*o + 1/2*o**2. Suppose -5*x = -10*x. Determine v(x).
-20
Let g be 41 + (-8)/(-4)*-1. Let f(p) = 40*p**2 - g*p**2 - 4 + p + 6*p. Calculate f(-6).
-10
Let y(b) = -2*b**3 - 4*b**2 - 7*b. Let g be y(-6). Let q = -322 + g. Let j(n) = n**2 - 10*n + 15. Calculate j(q).
-1
Let v(u) = -u + 7. Let l be v(5). Let h(i) = -i**l + i**3 - 3*i**2 - 4 + i**2. What is h(3)?
-4
Let z = -107 + 105. Let r(b) = -b - 2. Suppose -3*j + 4*j = -2. Let q(o) = 1. Let d(m) = j*q(m) + z*r(m). Give d(-6).
-10
Let z(k) = -2*k**3 - 78*k**2 - 5*k + 316. Let t(u) = -u**3 - 38*u**2 - 2*u + 141. Let d(l) = 7*t(l) - 3*z(l). Give d(-32).
7
Suppose -17*b - 79 = -402. Let n(t) = 2 - 21*t - 4 + b*t - t**2 + 4 + t**3 + 0*t**2. Let y(h) = -h**2 + 4*h + 7. Let g be y(5). Determine n(g).
2
Let i(v) = -35*v + 13. Suppose o - 413 = -419. Let r(z) = -36*z + 15. Let b(q) = o*r(q) + 7*i(q). What is b(1)?
-28
Let l(h) = h**3 - 2*h**2 - h - 1. Let b(w) = -w**3 - 23*w**2 - 39*w + 63. Let i be b(-21). What is l(i)?
-1
Let o(d) = -81*d - 4. Let a be (-3180)/795*((-6)/8 - -1). Calculate o(a).
77
Let o(p) = 5*p**2 + 3*p - 5. Let n be o(1). Suppose n*g = 2*g + 5*u + 19, -5*g - 9 = u. Let i(w) = 3*w**3. Calculate i(g).
-3
Let t(o) = -o - 7 - 3 - 4*o. Suppose 24 = -1683*w + 1681*w - 2*h, 8 = -h. Calculate t(w).
10
Suppose d + 3*c - 8 = 0, -d = -4*c - c + 8. Let i(l) = -14*l + 9. What is i(d)?
-19
Let h(w) = w**2 - 14*w - 4. Let m(d) = 606*d + 2433. Let a be m(-4). Give h(a).
-49
Let u(p) be the third derivative of -p**7/1260 - p**6/180 + 253*p**5/60 + 160*p**2. Let k(v) be the third derivative of u(v). Calculate k(3).
-16
Let t(f) = -f**2 - 18*f. Let m(v) = 6*v**2 + 101*v - 11. Let i(d) = m(d) + 5*t(d). Give i(-9).
-29
Let i(z) = 0*z**2 + 2*z**2 + 1957*z - 3897*z + 1953*z + 1. What is i(-7)?
8
Let l(x) be the third derivative of -x**6/120 + 7*x**5/60 + x**4/6 + 11*x**3/6 + 542*x**2 + 5*x. What is l(8)?
-21
Let h(g) = -12*g**3 + 3*g**2 - 3*g - 25. Let s(v) = -7*v**3 + v**2 - v - 15. Let u(a) = -3*h(a) + 5*s(a). Give u(0).
0
Let d be 4 - 7 - 0 - -14. Suppose -d*n - 8 = -12*n. Let k(w) = n*w - w**2 - 226 + 219 - w. Give k(5).
3
Let r(s) = 2*s**2 - 17*s - 15. Let a be r(8). Let l be a/(((-6)/2)/3). Let y = -18 + l. Let v(p) = -p**2 + 2*p - 2. What is v(y)?
-17
Let i be 68/(-18) - 2/9. Let l be ((-10)/(-4))/(14*(-10)/(-280)). Let a(r) = -59 - r + 0*r + 4*r - 5*r**2 - l*r - r**3 + 58. Give a(i).
-9
Let o(c) = -c**2 - 2*c + 5. Suppose -11 = -j - 2*f, 2*f = -5*j + 5*f + 68. Suppose 0 = j*z + 3*z. Suppose 5*i = 2*k + 12, z*i + 24 = 5*k + i. What is o(k)?
-19
Let o be 54/729*27 - (0 - 0). Let s(d) = 2*d**3 - 3*d - 5. Give s(o).
5
Let o(w) = -w**2 + 8*w + 2. Let c(b) = 3*b**3 - 43*b**2 + 32*b - 246. Let h be c(14). Calculate o(h).
14
Let o(r) be the third derivative of r**5/6 + r**3/3 - 441*r**2 + r. What is o(-1)?
12
Let u(n) = 14*n + 11. Let r = 5958 + -5962. Determine u(r).
-45
Let s(a) = 6*a - 11. Suppose -i - 18 = -4*l, 4*i - 5*l - 140 = -157. Determine s(i).
1
Let p(c) = -22*c - 168. Let l(z) = 10*z + 77. Let s(w) = 13*l(w) + 6*p(w). Let k = -1 - -6. Suppose -2*u + u = k. Determine s(u).
3
Let n(p) = -p**2 + 9*p + 7. Let q be n(7). Suppose -k = -8*k + q. Let w(u) = -u**3 + 4*u**2 - 3*u - 1. Give w(k).
-1
Let o(d) = -4*d - 4. Let c(u) = -35*u - 1. Let m be c(-1). Suppose -m = 25*f - 8*f. Determine o(f).
4
Let u be (5/(-4))/((-2)/(-8)). Let f be (-2)/(-6)*45/30*4. Let q be 2/2*(-2 - (f + u)). Let j(t) = 9*t**2 - 2*t + 1. What is j(q)?
8
Let l(x) = -2*x**2 - 3*x. Suppose 0 = -247*o + 238*o + 99. Let q = -14 + o. Determine l(q).
-9
Let i(k) be the third derivative of k**4/24 + k**3 + 1030*k**2. Suppose 1 + 7 = -f. Calculate i(f).
-2
Let m(s) = 79*s**2 + 11*s + 19. Let k(v) = -87*v**2 - 12*v - 18. Let a(y) = -10*k(y) - 11*m(y). What is a(7)?
13
Let d = -3180 + 3179. Let k(u) = 2*u**3. What is k(d)?
-2
Let g(a) = 2*a**3 - 6*a**2 + 2*a - 1. Let w be ((-4)/(-5))/(-2) + 85/25. Let s be g(w). Let z(f) = f**2 - 4. What is z(s)?
21
Suppose -102*d + 1078 = -43*d + 134. Let u(r) = -4*r - 10. Give u(d).
-74
Let g(k) be the third derivative of 0*k**3 - 3/4*k**4 + 1/20*k**5 + 0 + 0*k + 18*k**2 + 1/360*k**6. Let o(d) be the second derivative of g(d). Determine o(-4).
-2
Let q be 95/(-38)*(-5)/(5/2). Let n(j) = -j**3 + 4*j**2 + 10*j + 7. Calculate n(q).
32
Let j(x) = -4*x + 5. Let c(d) = -3*d + 4. Let t(g) = -3*c(g) + 2*j(g). Let a(k) = -2*k**3 - 25*k**2 + 299*k - 15. Let m be a(-20). What is t(m)?
3
Let n(j) be the first derivative of j**3/3 - 13*j**2/2 - 57*j - 9204. What is n(17)?
11
Let b(x) = x**3 + 10*x**2 + 5*x - 27. Suppose 5*s = -5*r - 40, -8*r - 39 = -4*r - 3*s. Give b(r).
9
Let k be 2 + 5 + (-2 - -2). Let j(t) = t**3 - 13*t**2 + 7*t + 10. Let v(w) = -3*w**3 + 41*w**2 - 23*w - 32. Let u(b) = 10*j(b) + 3*v(b). What is u(k)?
11
Let q(m) be the third derivative of 7*m**6/360 + m**5/120 - m**4/4 + 2*m**2. Let b(r) be the second derivative of q(r). Let i = -6291 + 6290. Determine b(i).
-13
Let b(d) = d**2 - 7*d - 4. Let f = 336 + -324. Let y(p) = 6*p - 66. Let c be y(f). Give b(c).
-10
Let b(q) = -q + 20. Let c = -7697 - -7721. What is b(c)?
-4
Let x(j) be the second derivative of -j**6/360 - 3*j**5/40 - j**4/3 + 13*j**3/3 + 17*j. Let d(p) be the second derivative of x(p). Give d(-6).
10
Let b(f) = -f**3 - 10*f**2 - 10*f - 2. Let h be (2 - -7)*(-11 + 10). Give b(h).
7
Let d(j) = -5*j**2 - j + 1. Suppose 3*k - 5 - 1 = 0. Suppose c + q = -2, q + 12 = k*c - q. Suppose -3 = -3*f - c*i - 0*i, -f + 3*i = -1. Calculate d(f).
-5
Let u = 1227 + -1227. Let t(c) = c**3 + c**2 + c - 69. Calculate t(u).
-69
Let g(n) = 4 + 2*n + 15 + 8 - 35 + 5*n**2 + 0. Calculate g(-3).
31
Let p(g) = -g**2 + 26*g - 89. Let u be p(5). Suppose q = -5*j + u, -q - j + 0*j = -4. Let f(z) = 19*z**2 + z - 1. Give f(q).
19
Let w be (-1 - (-1)/3)/((-186)/(-279)). Let k(z) = -2*z - 4 - 3 - 2*z**2 + 12 - 13*z**3 - 6. Calculate k(w).
12
Let c(b) = -b**3 + 2*b**2 + 3*b - 1. Let z be (-3)/(-24)*142 + (-9)/12. Suppose 3*t - 11 = -z. Let a be t/5 - ((-36)/15 + 0). Give c(a).
5
Let m(c) = 3*c - 28. Let r be 0/((21 + (-43 - -24))/(1*2)). What is m(r)?
-28
Let h(m) = 27*m**2 - 12*m + 16. Let k(d) = 23*d**2 - 11*d + 14. Let o(u) = 4*h(u) - 5*k(u). Determine o(4).
-90
Let r(m) be the third derivative of -1/60*m**5 + 1/2*m**3 + m - 48*m**2 - 5/12*m**4 + 0. Give r(-9).
12
Let l be -1 + (-14)/(-6) + 49/(-21). Let d(w) = 12*w + 5. Let k(n) = 25*n + 11. Let o be (-9 + -3)*2/4. Let v